base 14.
384d
-212042 (base 5) to base 4
-1233223
Convert -21001013 (base 4) to base 14.
-d663
-13655 (base 7) to base 9
-5142
-110022 (base 5) to base 12
-2216
-7706 (base 16) to base 7
-154556
What is 1759 (base 12) in base 8?
5365
230 (base 4) to base 13
35
463 (base 11) to base 8
1051
What is -122012 (base 3) in base 14?
-252
What is 1223 (base 10) in base 6?
5355
What is -27b1 (base 12) in base 6?
-33141
206 (base 16) to base 5
4033
Convert -202012 (base 3) to base 14.
-2ad
12a (base 14) to base 6
1030
-38b (base 12) to base 13
-326
-50320 (base 7) to base 2
-10111110000110
-32400 (base 6) to base 8
-10560
-275 (base 16) to base 7
-1556
Convert 1491 (base 10) to base 11.
1136
6064 (base 7) to base 11
1643
Convert -1401 (base 5) to base 4.
-3202
-702 (base 8) to base 3
-121200
-908 (base 16) to base 8
-4410
What is a2b1 (base 16) in base 11?
29323
Convert 12435 (base 7) to base 14.
12c5
What is -16875 (base 9) in base 2?
-10110110000011
Convert 3331 (base 4) to base 5.
2003
c88 (base 15) to base 6
21032
-6003 (base 13) to base 9
-20070
Convert fe (base 16) to base 4.
3332
22813 (base 9) to base 12
89a0
Convert -2127 (base 8) to base 15.
-4e1
-10337 (base 14) to base 8
-114215
What is -10001101001 (base 2) in base 13?
-68b
Convert 1110000 (base 2) to base 7.
220
Convert -1033033 (base 4) to base 13.
-2401
What is 11011010 (base 2) in base 4?
3122
What is -110111110 (base 2) in base 14?
-23c
Convert -12 (base 8) to base 14.
-a
-4a (base 16) to base 5
-244
11033 (base 5) to base 14
3cc
Convert -7945 (base 12) to base 2.
-11010010000101
What is -955 (base 16) in base 5?
-34024
Convert -1201441 (base 5) to base 7.
-121331
What is -64 (base 15) in base 9?
-114
What is 7a94 (base 14) in base 6?
242334
Convert -1642 (base 8) to base 11.
-776
-5d4 (base 16) to base 11
-1137
130 (base 9) to base 7
213
Convert -4021 (base 5) to base 9.
-627
2364 (base 15) to base 4
1311133
What is dd7 (base 16) in base 11?
2731
What is 110 (base 2) in base 15?
6
What is 111101100010011 (base 2) in base 10?
31507
What is 7202 (base 14) in base 2?
100110010010010
3a0 (base 12) to base 15
26c
4a59 (base 11) to base 3
100001101
Convert 14433 (base 6) to base 3.
10012010
-2753 (base 10) to base 11
-2083
Convert -5672 (base 9) to base 7.
-15143
5b9f (base 16) to base 10
23455
374 (base 16) to base 13
530
-4335 (base 7) to base 13
-91b
Convert bbb1 (base 13) to base 5.
1314140
What is 400 (base 9) in base 8?
504
What is 3c1 (base 13) in base 6?
3024
-40115 (base 6) to base 5
-131411
12c2 (base 16) to base 4
1023002
Convert 2306 (base 7) to base 16.
347
Convert -860 (base 9) to base 8.
-1276
-102000100 (base 3) to base 2
-1111101011100
What is fe (base 16) in base 4?
3332
Convert -32664 (base 11) to base 13.
-18749
What is 213d (base 14) in base 3?
21212120
Convert -3300 (base 5) to base 16.
-1c2
What is a52 (base 14) in base 4?
133300
What is 21042 (base 5) in base 12?
985
220120 (base 3) to base 16
297
Convert -11151 (base 6) to base 14.
-80b
What is 11207 (base 9) in base 14?
2a0b
325354 (base 6) to base 9
41207
Convert 31403 (base 5) to base 12.
1273
2426 (base 7) to base 15
402
What is 565 (base 13) in base 4?
32200
What is 233 (base 6) in base 15?
63
201211 (base 3) to base 13
322
Convert 3c1 (base 16) to base 6.
4241
What is -1846 (base 13) in base 8?
-7027
-10101101 (base 2) to base 11
-148
Convert 20112 (base 3) to base 15.
bb
-4405 (base 6) to base 11
-841
Convert 39a (base 14) to base 11.
5a9
Convert 5120 (base 8) to base 4.
221100
What is 904 (base 16) in base 9?
3144
What is 1e2 (base 16) in base 4?
13202
Convert -112210002 (base 3) to base 5.
-321100
-19a3 (base 13) to base 6
-25455
Convert -4381 (base 12) to base 14.
-29d7
Convert 21200201 (base 3) to base 8.
12750
Convert 1035 (base 11) to base 7.
3664
Convert -11353 (base 7) to base 6.
-21321
2010100 (base 3) to base 13
921
What is -236c (base 15) in base 11?
-5723
Convert 1b39 (base 12) to base 5.
101412
102022 (base 4) to base 15
527
What is 12101 (base 5) in base 8?
1605
-6146 (base 12) to base 9
-15440
What is 32112 (base 4) in base 7?
2451
10020 (base 4) to base 12
1a0
Convert 1003 (base 9) to base 16.
2dc
-b729 (base 14) to base 3
-1121100010
-1290 (base 12) to base 3
-2220200
Convert -66a (base 16) to base 2.
-11001101010
-4408 (base 10) to base 3
-20001021
What is -12002001 (base 3) in base 14?
-14c4
673 (base 13) to base 8
2124
What is 3000 (base 4) in base 9?
233
-5c93 (base 14) to base 11
-11199
566 (base 13) to base 3
1021102
Convert -670 (base 11) to base 5.
-11203
What is 1a200 (base 13) in base 3?
2120210001
What is 2731 (base 12) in base 14?
18d7
What is -154 (base 13) in base 8?
-356
1513 (base 7) to base 15
29d
What is -106653 (base 8) in base 5?
-2130032
-1503 (base 8) to base 16
-343
Convert 3251 (base 6) to base 3.
1000211
Convert -6857 (base 9) to base 4.
-1033102
Convert 111223 (base 6) to base 15.
2ba0
Convert 31 (base 8) to base 7.
34
-388 (base 16) to base 15
-404
What is 46213 (base 7) in base 4?
2313322
What is -1e6 (base 15) in base 16?
-1b9
-74 (base 8) to base 14
-44
-33141 (base 6) to base 2
-1000111110101
What is 2552 (base 7) in base 8?
1710
What is b56 (base 14) in base 2?
100010111000
What is a150 (base 12) in base 4?
10101030
What is -145 (base 15) in base 2?
-100100010
60e9 (base 15) to base 6
234433
-2143 (base 6) to base 3
-200100
Convert -21643 (base 13) to base 10.
-60388
86 (base 14) to base 8
166
Convert e29 (base 16) to base 3.
11222021
What is 31255 (base 12) in base 3?
10021012002
What is -105101 (base 6) in base 14?
-3353
-144d4 (base 14) to base 13
-19c00
Convert -70 (base 16) to base 7.
-220
What is -1305 (base 8) in base 9?
-867
e3e (base 15) to base 5
100314
Convert -63402 (base 8) to base 11.
-188a3
626 (base 9) to base 13
303
What is -2011212 (base 3) in base 8?
-3065
Convert 220103 (base 5) to base 8.
16550
What is -100010111011 (base 2) in base 13?
-102c
What is -3084 (base 13) in base 12?
-3a63
Convert -12161 (base 7) to base 11.
-2430
2722 (base 10) to base 14
dc6
1944 (base 11) to base 6
15232
Convert -2450 (base 14) to base 16.
-18c6
Convert 3c65 (base 16) to base 14.
58c5
Convert -1223 (base 6) to base 10.
-303
What is -4302 (base 7) in base 3?
-2002100
What is -3023 (base 7) in base 3?
-1102202
-6b9 (base 14) to base 2
-10100111011
What is 2a51a (base 11) in base 4?
22203102
What is -22110010 (base 3) in base 4?
-1200033
-12690 (base 10) to base 7
-51666
What is -21224 (base 8) in base 3?
-110010212
e38f (base 16) to base 15
123da
Convert -1a255 (base 11) to base 15.
-8588
-1011101000 (base 2) to base 6
-3240
What is bbd (base 14) in base 7?
6526
What is -32304 (base 5) in base 3?
-10000122
1020 (base 3) to base 15
23
22a (base 11) to base 14
158
43865 (base 9) to base 7
150644
What is 825 (base 10) in base 16?
339
10772 (base 9) to base 12
41b5
What is -32b7 (base 13) in base 3?
-100201012
b3b (base 13) to base 3
2121201
Convert -bc6 (base 15) to base 7.
-10521
What is -1032313 (base 4) in base 7?
-20500
What is -2145 (base 6) in base 5?
-3442
Convert 168 (base 13) to base 15.
120
-32c (base 15) to base 12
-4b9
What is -5264 (base 8) in base 7?
-10663
What is 188 (base 10) in base 6?
512
-240431 (base 5) to base 4
-2022202
-22302 (base 6) to base 14
-11dc
-45324 (base 6) to base 5
-201023
-586 (base 16) to base 4
-112012
Convert -962 (base 11) to base 6.
-5205
Convert -1735 (base 11) to base 16.
-8a8
What is 11100011 (base 2) in base 15?
102
Convert 100110110010 (base 2) to base 6.
15254
-1055 (base 14) to base 15
-c7e
What is 4694 (base 15) in base 7?
61462
e (base 16) to base 5
24
Convert 275 (base 8) to base 16.
bd
What is 1166 (base 7) in base 11?
370
What is 111011100111 (base 2) in base 7?
14060
Convert -178b (base 15) to base 4.
-1033121
What is -3320 (base 5) in base 13?
-295
-101010 (base 3) to base 9
-333
-115 (base 12) to base 8
-241
1883 (base 11) to base 12
1472
-684 (base 10) to base 3
-221100
Convert 346 (base 12) to base 9.
600
Convert 243114 (base 5) to base 3.
110120020
-2eb3 (base 15) to base 8
-23524
-26065 (base 8) to base 6
-124221
3b177 (base 12) to base 2
10011111000101011
1431 (base 9) to base 8
2071
What is -110101010 (base 2) in base 3?
-120210
24002 (base 5) to base 2
11011011000
-12b (base 15) to base 8
-412
What